?
1
What is the thousands digit of 1165?
1
What is the units digit of 52226?
6
What is the units digit of 12387?
7
What is the thousands digit of 9021?
9
What is the hundreds digit of 8310?
3
What is the tens digit of 8438?
3
What is the tens digit of 155?
5
What is the tens digit of 33488?
8
What is the thousands digit of 8093?
8
What is the tens digit of 16889?
8
What is the thousands digit of 44660?
4
What is the ten thousands digit of 13506?
1
What is the hundreds digit of 19696?
6
What is the thousands digit of 1520?
1
What is the ten thousands digit of 87093?
8
What is the thousands digit of 12068?
2
What is the thousands digit of 13143?
3
What is the tens digit of 1777?
7
What is the hundreds digit of 1205?
2
What is the hundreds digit of 41154?
1
What is the hundreds digit of 52841?
8
What is the tens digit of 4968?
6
What is the thousands digit of 5799?
5
What is the thousands digit of 87924?
7
What is the thousands digit of 24337?
4
What is the tens digit of 46?
4
What is the units digit of 6803?
3
What is the thousands digit of 29901?
9
What is the thousands digit of 20624?
0
What is the thousands digit of 10090?
0
What is the units digit of 26017?
7
What is the tens digit of 4507?
0
What is the thousands digit of 16054?
6
What is the tens digit of 2914?
1
What is the thousands digit of 23477?
3
What is the ten thousands digit of 10351?
1
What is the hundreds digit of 1907?
9
What is the hundreds digit of 906?
9
What is the units digit of 470?
0
What is the thousands digit of 18304?
8
What is the hundreds digit of 16376?
3
What is the units digit of 31355?
5
What is the units digit of 1288?
8
What is the tens digit of 72873?
7
What is the ten thousands digit of 47354?
4
What is the tens digit of 1733?
3
What is the units digit of 56494?
4
What is the hundreds digit of 4653?
6
What is the units digit of 23996?
6
What is the tens digit of 1760?
6
What is the thousands digit of 1798?
1
What is the thousands digit of 2452?
2
What is the tens digit of 269?
6
What is the tens digit of 354?
5
What is the hundreds digit of 1480?
4
What is the units digit of 8133?
3
What is the tens digit of 6292?
9
What is the tens digit of 13310?
1
What is the units digit of 7626?
6
What is the hundreds digit of 600?
6
What is the units digit of 13038?
8
What is the units digit of 17332?
2
What is the units digit of 25227?
7
What is the hundreds digit of 1067?
0
What is the tens digit of 9404?
0
What is the thousands digit of 16158?
6
What is the hundreds digit of 45504?
5
What is the tens digit of 7711?
1
What is the units digit of 2293?
3
What is the hundreds digit of 845?
8
What is the tens digit of 327?
2
What is the units digit of 464?
4
What is the units digit of 1140?
0
What is the units digit of 17324?
4
What is the tens digit of 707?
0
What is the units digit of 3091?
1
What is the ten thousands digit of 157195?
5
What is the thousands digit of 8244?
8
What is the tens digit of 693?
9
What is the ten thousands digit of 43183?
4
What is the units digit of 20?
0
What is the units digit of 9?
9
What is the hundreds digit of 129672?
6
What is the units digit of 25433?
3
What is the ten thousands digit of 17021?
1
What is the hundreds digit of 17988?
9
What is the thousands digit of 63212?
3
What is the hundreds digit of 336?
3
What is the hundreds digit of 9718?
7
What is the thousands digit of 1027?
1
What is the thousands digit of 22812?
2
What is the tens digit of 2014?
1
What is the units digit of 1152?
2
What is the thousands digit of 12601?
2
What is the units digit of 3029?
9
What is the units digit of 7267?
7
What is the units digit of 3934?
4
What is the thousands digit of 4012?
4
What is the tens digit of 51?
5
What is the hundreds digit of 330?
3
What is the units digit of 8579?
9
What is the hundreds digit of 1010?
0
What is the hundreds digit of 1217?
2
What is the thousands digit of 3607?
3
What is the ten thousands digit of 33012?
3
What is the hundreds digit of 221?
2
What is the units digit of 20161?
1
What is the units digit of 94192?
2
What is the tens digit of 218?
1
What is the tens digit of 33?
3
What is the units digit of 13712?
2
What is the thousands digit of 1091?
1
What is the thousands digit of 126779?
6
What is the thousands digit of 12791?
2
What is the thousands digit of 2702?
2
What is the hundreds digit of 2652?
6
What is the units digit of 4412?
2
What is the units digit of 7241?
1
What is the tens digit of 367?
6
What is the tens digit of 1525?
2
What is the hundreds digit of 604?
6
What is the units digit of 440?
0
What is the units digit of 105?
5
What is the hundreds digit of 4143?
1
What is the units digit of 667?
7
What is the hundreds digit of 3840?
8
What is the tens digit of 387?
8
What is the units digit of 6757?
7
What is the units digit of 82?
2
What is the tens digit of 2336?
3
What is the tens digit of 13?
1
What is the units digit of 32528?
8
What is the units digit of 2201?
1
What is the thousands digit of 18317?
8
What is the thousands digit of 130224?
0
What is the hundreds digit of 2436?
4
What is the tens digit of 1630?
3
What is the thousands digit of 8427?
8
What is the thousands digit of 19457?
9
What is the thousands digit of 6473?
6
What is the tens digit of 6801?
0
What is the ten thousands digit of 25837?
2
What is the units digit of 80846?
6
What is the units digit of 18975?
5
What is the tens digit of 356?
5
What is the ten thousands digit of 26412?
2
What is the tens digit of 10909?
0
What is the thousands digit of 3549?
3
What is the thousands digit of 3804?
3
What is the units digit of 47298?
8
What is the hundreds digit of 973?
9
What is the ten thousands digit of 36596?
3
What is the tens digit of 19214?
1
What is the thousands digit of 7476?
7
What is the hundreds digit of 3749?
7
What is the tens digit of 4624?
2
What is the hundreds digit of 7362?
3
What is the thousands digit of 37093?
7
What is the units digit of 481?
1
What is the tens digit of 18192?
9
What is the units digit of 11054?
4
What is the thousands digit of 2765?
2
What is the hundreds digit of 1186?
1
What is the tens digit of 1355?
5
What is the thousands digit of 41305?
1
What is the ten thousands digit of 29465?
2
What is the units digit of 2371?
1
What is the units digit of 187?
7
What is the thousands digit of 2076?
2
What is the ten thousands digit of 46585?
4
What is the thousands digit of 1139?
1
What is the thousands digit of 8525?
8
What is the tens digit of 1365?
6
What is the units digit of 63846?
6
What is the thousands digit of 92743?
2
What is the tens digit of 10198?
9
What is the hundreds digit of 1838?
8
What is the ten thousands digit of 47213?
4
What is the units digit of 58738?
8
What is the thousands digit of 1781?
1
What is the hundreds digit of 775?
7
What is the thousands digit of 9982?
9
What is the units digit of 455?
5
What is the hundreds digit of 1996?
9
What is the units digit of 5364?
4
What is the tens digit of 3371?
7
What is the hundreds digit of 1093?
0
What is the thousands digit of 47042?
7
What is the thousands digit of 1953?
1
What is the tens digit of 3204?
0
What is the hundred thousands digit of 153702?
1
What is the hundreds digit of 45741?
7
What is the ten thousands digit of 149881?
4
What is the thousands digit of 10356?
0
What is the units digit of 4755?
5
What is the hundreds digit of 9825?
8
What is the tens digit of 5796?
9
What is the ten thousands digit of 47308?
4
What is the hundreds digit of 39264?
2
What is the hundreds digit of 204339?
3
What is the hundreds digit of 380?
3
What is the tens digit of 33445?
4
What is the tens digit of 6941?
4
What is the tens digit of 6071?
7
What is the thousands digit of 2363?
2
What is the tens digit of 6978?
7
What is the units digit of 2838?
8
What is the tens digit of 1406?
0
What is the tens digit of 20662?
6
What is the tens digit of 8678?
7
What is the units digit of 71951?
1
What is the tens digit of 70?
7
What is the hundreds digit of 27605?
6
What is the hundreds digit of 2631?
6
What is the tens digit of 925?
2
What is the hundreds digit of 2134?
1
What is the units digit of 240?
0
What is the hundreds digit of 8635?
6
What is the ten thousands digit of 68180?
6
What is the thousands digit of 1078?
1
What is 